134456).
-70
What is the value of (-26 + -23 - -23) + -66 + 20?
-72
What is the value of (-20 + 18 - 2) + -10 + 0 + 7?
-7
What is the value of (-122 - -104) + (-3 - (-48 + 8))?
19
What is the value of -10 + 14 - (4 - (-1 + -6))?
-7
Calculate 146 - 78 - -43 - 47.
64
Evaluate -6 + -48 + (38 - ((28 - 19) + 19)).
-44
What is the value of -18 + 0 + (8 - -8) + -18 + 11?
-9
What is the value of 0 - 1 - (-5 + 3) - (26 - 38)?
13
What is the value of 12 + 9 - (-26 + (15 - -78))?
-46
-44 + (-20 - -108) + -76 + 3 + -1
-30
Evaluate 93 + -100 + 7 - ((4 - 3) + -11 - -1).
9
What is the value of -8 + 1 + (11 - (5 - -31))?
-32
13 + -45 + (8 - -1 - (-6 + (-38 - -63)))
-42
What is the value of (-7 - 36) + 6 - (6 + -8 + -4)?
-31
-48 + 53 + (-2 - (-5 - (0 + -47 - -1)))
-38
Calculate 90 - (150 + -102 + -13 - (-1 - -17)).
71
(-3 - 0) + (-18 - (-19 + -1))
-1
68 + (0 - 16) + (105 - 65)
92
Calculate 81 + -98 - (3 - (39 + -9 + -9)).
1
Evaluate -328 - -210 - (1 + -43).
-76
42 - (9 + 42 + -4)
-5
-79 + 167 + -161 + 50
-23
Evaluate (6 - 3) + 3 + (-18 - (12 - 30 - -21)).
-15
What is -506 + 620 + (-87 - 6)?
21
Evaluate (-9 - (-14 - 67)) + -65.
7
Calculate (-1 - 1 - (103 + (5 - 2))) + (76 - 81).
-113
Calculate -7 - ((57 + -49 - 18) + (-3 + 1 - -31)).
-26
283 + -271 - ((-4 - 0) + 12)
4
-28 + 23 - (-2 + -25) - 7 - (-117 - -113)
19
What is the value of (12 + (-18 - (-2 - 9)) - 3) + -9?
-7
Calculate (-12 + 10 - -21) + 10 + -21 + 0.
8
Evaluate 69 - (35 + 22 - 43).
55
What is the value of (116 - 85) + (-23 + 12 - -37)?
57
What is 5 - 17 - (-12 - (0 + 1)) - 57?
-56
Calculate 0 + 12 + 3 + 68 + -125 + 52.
10
-40 + (1 - 0) + (88 - (-91 + 162))
-22
1 - ((16 - (-5 - 0 - -77)) + -3)
60
What is -66 + -1 - (72 - 62) - -27?
-50
(2 - (1 - 0) - (-521 + 520)) + (-12 - 22)
-32
What is the value of (1 - -79) + 2 - (55 - (-22 + 36) - 54)?
95
What is -80 + 84 + 119 + -42?
81
Evaluate -66 - -78 - 13 - (0 - 7).
6
-6 + (-28 - -91) - (-14 + -6)
77
Evaluate (8 - 26 - -17 - -13) + 2 + -37.
-23
What is the value of -1 + (-11 - -5) - (8 - (-32 - (1 + -3)))?
-45
Evaluate (3 + (-2 - -2) - (-322 + 293)) + -2 + 11.
41
What is (168 - 159) + 23 + 56?
88
What is the value of 11 + (-44 - -15) + -24?
-42
What is the value of 0 - ((-85 - -37) + 72)?
-24
Calculate -98 - -202 - 99 - (148 - 4).
-139
Calculate 27 + (10 - (-29 - (19 + -56))).
29
13 - ((9 - 1 - -1) + -16 + -2)
22
Evaluate 129 + (3 - 122) + 92.
102
Evaluate -16 + (125 - 54 - 26).
29
Calculate -7 + (49 - 46) + 36.
32
What is -17 - 14 - -29 - 7 - -53?
44
What is (88 - 89) + (0 - 2) - ((4 - -59) + -3)?
-63
Calculate (-27 - 90 - 4) + 67.
-54
Evaluate -1 + (-2 - -28) + 236 + -249 + (-6 - -14).
20
What is -37 + (-63 - (-42 + 25)) - (-2 + (5 - 0))?
-86
162 - ((104 - -19) + -77)
116
What is the value of 5 - -11 - (-28 - (-42 + -20))?
-18
What is -78 - 0 - (-17 + (-17 + -8 - -24) - -3)?
-63
What is -8 + 22 - -8 - (13 - -31)?
-22
Calculate -86 + (82 - -44) - 77.
-37
What is -15 - ((-17 + 18 - 17) + 17)?
-16
Calculate -19 + (35 - (-26 + 83) - (0 - 13)).
-28
What is the value of 30 + 43 - (-48 - -67)?
54
What is the value of -7 + -8 - (-29 + (4 - (55 + -33)))?
32
Evaluate (-2 - (16 + -5 + 2)) + (141 - 128).
-2
1 - -39 - 1 - (357 - 354)
36
Evaluate 11 + (16 - -14) + -70 + 55.
26
(-26 - (31 - 39)) + -27 + 11
-34
Calculate -3 + -2 + 8 - (-28 + 24 + 15).
-8
What is (1 - (-5 + 0 - -3)) + (-118 - (-18 + 42))?
-139
What is 80 + (-104 - -66) - -10?
52
What is 4 + -4 + 13 + 2 + 35?
50
What is -25 + 34 + 24 + -6 + -5?
22
Evaluate 145 + -45 + -34 - 96.
-30
Calculate (-82 + (17 - -28) - 9) + -92.
-138
What is the value of (-36 - 6 - -3) + 7 + 115?
83
What is (57 - -14) + (6 - (-51 + 60 + 0 + -5))?
73
What is the value of 333 - 299 - (-123 + 43)?
114
Calculate 2 + -52 + 78 + -21 + -28.
-21
Evaluate -1 - 45 - (-230 - (-107 - 130)).
-53
Evaluate -56 + (-46 - -93) - 4.
-13
Calculate 102 + (-18 + 18 + 29 - (18 - 5)).
118
Calculate -82 + 119 + (-6 + (0 - -2) - 7).
26
13 + -18 + 10 + (49 - -1) + -12 + 0
43
-167 + (259 - 113) + (-4 - -1)
-24
Evaluate 37 - (69 - 35 - 5) - (-1 - 9).
18
What is the value of -28 + 3 + -12 - (-1 - -7)?
-43
What is -13 + 39 + -38 - (-19 + 0) - (9 + -23)?
21
-1 + 24 + (2942 - 2977) + 24
12
-1 - (-24 - -4 - -43)
-24
Evaluate -512 + 570 + 10 + (1 - -10).
79
What is the value of 201 + -61 - 62 - 32?
46
Calculate -13 + (0 - -9 - -6) + 3 - -6.
11
What is 5 - 4 - -65 - (1991 + -2026)?
101
56 + (67 - (51 + 67))
5
Evaluate (11 - 3) + (11 + -1 - (-73 - -91)) + -5.
-5
What is the value of -4 + -30 + 3 + (-31 - (-56 + 24))?
-30
What is (-11 - 55) + -92 - -87?
-71
Evaluate (-50 + 92 - 26) + (-7 - -4) + -13.
0
What is the value of 1346 - 1176 - (33 + -1) - 22?
116
What is 0 + 0 - (3 + 2) - (41 + -12 + 35)?
-69
Calculate -4 + (-6 - 20) - (0 + -21 + -3 + 10).
-16
Evaluate (40 - (-44 - -31)) + -61.
-8
Evaluate -24 + 60 + -6 + -32.
-2
-8 - (-107 + 223 - 18)
-106
What is the value of -54 + 62 + -150 - -150?
8
What is ((-144 - -35) + 17 - -36) + 23?
-33
-50 + -21 + 8 - -17 - -9
-37
Evaluate 86 - 58 - (-4 + 10 + 7).
15
What is -14 + 0 + 19 + 3 + 6 + 72 - 11?
75
Evaluate -23 - (-5 - -1) - ((14 - 27) + 6).
-12
Calculate -80 - ((-38 - 79) + 8).
29
-68 - ((-67 - -17) + -7)
-11
Evaluate -1 + 14 + 7 + -78 + 1.
-57
(72 - 170) + (-87 - -113)
-72
Evaluate -87 - (84 - (65 - -80)).
-26
Evaluate 111 + 2 - (6 - ((-5 - 0 - -4) + -2)).
104
Evaluate (-11 - 0 - -17) + (-5 - 0 - (0 + -34)).
35
Calculate 1 + -7 + 43 + -84.
-47
Calculate 1 + -2 + -68 - (-4 + 10 - 16).
-59
What is (-53 + 12 - -1) + 17?
-23
What is the value of 31 + (-47 - -16) - (46 - 10)?
-36
What is the value of (3 + -2 - 76) + (17 - 11 - (2 - -7))?
-78
(-39 - -51) + (2 - 10) + 10 + 29
43
-45 - (2 - (-76 + 138))
15
What is the value of (-1 - (0 + -3 + 1)) + 1777 + -1806?
-28
Calculate -42 - (10 + -12 + (3 - 1) - 13).
-29
-3 + 19 + -15 + 13 + 15
29
48 + -8 + (-8 - -14) - 26
20
Calculate -12 + -2 - (17 + -23 - 30).
22
Evaluate -14 + -2 - (19 - (-57 + 49)).
-43
-31 + (-17 - -67) + -25 + 45
39
24 + (-4 - (-11 - -13) - -13) - 11
20
Calculate -5 + (4 - (-10 - (-8 - (1 + -8)))) + 5.
13
Calculate -3 - 4 - -1 - (-22 - -8).
8
(-75 + 41 - 29) + 36
-27
12 + (-9 - -15 - (-7 + 68 + 5))
-48
132 - 139 - (12 + -107 + -12)
100
Evaluate -38 - (-176 - -68) - 21.
49
What is (22 - 18 - (26 - 7)) + 7?
-8
Calculate (5 - -1) + (-2 - (9 + -10 - -6) - 14).
-15
Evaluate (181 - 186) + 0 + 0 + (0 - 22).
-27
What is 17 + -13 - (-5 + 0 + (-13 - (14 - 18)))?
18
What is -118 + 73 + (18 - -1) + 24?
-2
What is -87 - (-4 - 38 - -12)?
-57
Calculate (66 - (34 - 17)) + -34.
15
What is -60 + 96 + -35 - (30 + (-1 - (3 + -3)))?
-28
Calculate -31 + 2 + 5 - -50.
26
Evaluate (-5 + -1 - 65) + (44 - (98 - 51)).
-74
-7 + 8 - (-76 + -1 + (18 - (-3 + 10)))
67
What is the value of -713 + 692 - (4 + -94)?
69
What is -24 - (20 + -9 + -28 - -5) - -25?
13
(0 - -17) + (5 + -31 + -10 - -6)
-13
Calculate 167 + (-2 - 15) + (105 - 122).
133
What is -9 + (-3 - (-7 + 8 + 1)) - (-8 + 13)?
-19
What is -90 + 139 + -84 - (-21 - 0)?
-14
Calculate -3 - ((12 - 10) + (11 - 22)) - -69.
75
What is (96 - -2) + -34 + 0 + -40?
24
Evaluate -93 - (-20 - -42) - -96.
-19
Evaluate 62 + (-89 - 56) - -110.
27
What is the value of -14 + 27 + 3 + -51?
-35
(-12 + 2 - -1) + -22 + 18 + 8 + 7
2
(0 - -7) + (-1 - -28) + 5 + -66
-27
What is 54 + -135 - -45 - -9?
-27
What is -8 + 5 + (35 - 9 - 13) + -43?
-33
What is (10 - 10 - 2) + 0 + -29 + 30?
-1
What is 9 - ((-29 - -5) + (-140 - -40))?
133
Evaluate 13 - 0 - (6 - 12 - (55 + -56)).
18
Calculate (16 - 0) + -1 - (30 - (82 - 66)).
1
What is the value of -88 + 16 + 18 + 89?
35
Calculate 17 + (-15 + 4 - (-2 + 6 + -13 + 2)).
13
What is the value of 22 + 18 + (-77 - -1)?
-36
What is -1 + (-1 - (3 - 9)) + 2 + (9 - 54)?
-39
What is the value of -41 + 26 - ((30 - 40) + 36 + -3)?
-38
What is the value of -1 + -5 + 17 + 16?
27
What is the value of ((195 - 228) + (-1 - -16) - -13) + 12?
7
What is the value of 434 + -250 + (-85 - 42)?
57
What is (133 + -315 - -177) + 21 + 1?
17
Calculate (0 - 3) + 1 + (14 - 16) + -18 + 9.
-13
Evaluate (-1 - -3) + -1 - 41 - (25 - (38 - 5)).
-32
-171 + 15 + 82 + 36
-38
(80 + (70 - 37) - 41) + 22
94
What is -213 + 180 + 8 - (-1 - -75)?
-99
What is (-66 - -25) + 90 - 50?
-1
Calculate 50 - ((20 - -30) + -7) - (-83 + 3 + -1).
88
12 + (2 - (34 - 17)) + 7 - 